ommon factor of 767 and 236?
59
What is the highest common factor of 693 and 7?
7
What is the highest common factor of 364 and 156?
52
What is the greatest common factor of 6604 and 52?
52
Calculate the highest common divisor of 1060 and 200.
20
What is the highest common factor of 4032 and 28?
28
What is the greatest common factor of 143 and 676?
13
Calculate the greatest common factor of 21896 and 368.
184
What is the greatest common divisor of 21 and 48?
3
Calculate the highest common divisor of 4589 and 26.
13
Calculate the highest common divisor of 72 and 192.
24
Calculate the highest common factor of 810 and 360.
90
Calculate the highest common divisor of 2016 and 5152.
224
What is the greatest common divisor of 403 and 93?
31
What is the highest common factor of 18 and 12?
6
What is the highest common factor of 11281 and 29?
29
Calculate the highest common divisor of 204 and 1717.
17
What is the greatest common divisor of 180 and 60?
60
Calculate the highest common factor of 18 and 18.
18
What is the greatest common divisor of 20 and 40?
20
What is the greatest common divisor of 102 and 68?
34
Calculate the greatest common factor of 170 and 2210.
170
Calculate the greatest common factor of 42886 and 82.
82
Calculate the highest common divisor of 184 and 506.
46
Calculate the highest common divisor of 53 and 3127.
53
Calculate the greatest common divisor of 66 and 8481.
33
Calculate the greatest common factor of 8 and 320.
8
What is the highest common factor of 44 and 803?
11
What is the highest common factor of 4815 and 18?
9
What is the highest common factor of 2375 and 250?
125
Calculate the highest common factor of 76 and 21071.
19
What is the highest common divisor of 124 and 4898?
62
What is the greatest common factor of 180 and 351?
9
What is the greatest common factor of 1512 and 21?
21
Calculate the highest common factor of 9 and 63.
9
What is the highest common factor of 9648 and 12?
12
What is the highest common divisor of 992 and 558?
62
What is the highest common factor of 35 and 49?
7
What is the highest common divisor of 2460 and 720?
60
What is the greatest common factor of 1072 and 24?
8
What is the greatest common factor of 145 and 116?
29
What is the greatest common factor of 64 and 112?
16
Calculate the highest common divisor of 2608 and 160.
16
Calculate the highest common factor of 736 and 128.
32
What is the highest common divisor of 1320 and 1080?
120
What is the highest common divisor of 19 and 3496?
19
What is the highest common divisor of 57 and 323?
19
Calculate the highest common factor of 231 and 297.
33
What is the highest common factor of 376 and 5170?
94
What is the highest common factor of 1 and 856?
1
What is the highest common factor of 93 and 3?
3
What is the highest common factor of 945 and 54?
27
What is the highest common divisor of 1060 and 80?
20
Calculate the highest common factor of 25 and 70.
5
Calculate the greatest common factor of 15 and 645.
15
What is the highest common factor of 11 and 143?
11
What is the greatest common factor of 56 and 56?
56
What is the greatest common divisor of 1225 and 49?
49
What is the highest common divisor of 91 and 3241?
7
Calculate the highest common divisor of 208 and 156.
52
Calculate the highest common factor of 1261 and 679.
97
What is the highest common factor of 1495 and 65?
65
What is the highest common factor of 342 and 494?
38
What is the highest common divisor of 180 and 108?
36
Calculate the greatest common divisor of 1428 and 315.
21
What is the greatest common factor of 69 and 3?
3
What is the highest common divisor of 248 and 6231?
31
What is the greatest common factor of 5017 and 346?
173
What is the greatest common divisor of 115 and 989?
23
Calculate the greatest common factor of 458 and 32289.
229
Calculate the highest common divisor of 39 and 793.
13
What is the highest common factor of 120 and 60?
60
What is the highest common factor of 432 and 1026?
54
What is the highest common divisor of 566 and 2?
2
Calculate the greatest common divisor of 182 and 70.
14
What is the highest common factor of 23850 and 15?
15
What is the highest common divisor of 49 and 301?
7
Calculate the highest common divisor of 4347 and 54.
27
Calculate the highest common divisor of 83496 and 84.
84
What is the highest common divisor of 209 and 171?
19
What is the highest common divisor of 144 and 16?
16
Calculate the highest common factor of 14 and 266.
14
What is the highest common factor of 104 and 520?
104
What is the highest common factor of 2 and 162?
2
What is the highest common divisor of 184 and 5244?
92
Calculate the highest common divisor of 72 and 342.
18
Calculate the highest common factor of 13 and 637.
13
Calculate the greatest common divisor of 70002 and 18.
18
What is the greatest common factor of 1 and 14369?
1
Calculate the greatest common divisor of 700 and 28.
28
Calculate the greatest common factor of 19206 and 330.
66
What is the highest common factor of 854 and 1952?
122
What is the highest common factor of 495 and 7194?
33
What is the highest common factor of 149 and 7897?
149
What is the greatest common factor of 2343 and 213?
213
What is the highest common divisor of 684 and 72?
36
What is the highest common divisor of 556 and 4?
4
What is the greatest common factor of 15 and 1110?
15
Calculate the greatest common factor of 260 and 2210.
130
Calculate the greatest common factor of 814 and 74.
74
What is the greatest common divisor of 672 and 3808?
224
Calculate the greatest common divisor of 203 and 29.
29
Calculate the greatest common factor of 1342 and 22.
22
What is the greatest common factor of 60 and 2560?
20
What is the greatest common factor of 156 and 2067?
39
Calculate the highest common divisor of 2988 and 108.
36
Calculate the highest common divisor of 15 and 195.
15
Calculate the highest common divisor of 11040 and 24.
24
What is the highest common factor of 27423 and 99?
99
What is the greatest common factor of 15 and 60?
15
What is the greatest common divisor of 12108 and 12?
12
What is the highest common factor of 25 and 95?
5
What is the highest common factor of 208 and 16?
16
Calculate the highest common divisor of 1512 and 182.
14
Calculate the greatest common divisor of 1545 and 30.
15
What is the greatest common divisor of 18 and 2178?
18
What is the highest common divisor of 1824 and 192?
96
Calculate the greatest common factor of 29435 and 35.
35
Calculate the highest common divisor of 54 and 378.
54
Calculate the greatest common factor of 100 and 21300.
100
Calculate the greatest common factor of 72 and 6660.
36
Calculate the greatest common divisor of 1008 and 32.
16
What is the highest common factor of 38 and 152?
38
What is the greatest common divisor of 140 and 35?
35
Calculate the greatest common factor of 663 and 156.
39
What is the highest common divisor of 472 and 59?
59
What is the greatest common factor of 183 and 89853?
183
What is the greatest common divisor of 136 and 340?
68
Calculate the highest common factor of 106 and 265.
53
Calculate the greatest common factor of 24 and 16.
8
What is the highest common factor of 495 and 225?
45
What is the greatest common factor of 176 and 48224?
176
Calculate the highest common factor of 13006 and 14.
14
What is the greatest common factor of 1650 and 176?
22
Calculate the greatest common divisor of 60 and 3585.
15
Calculate the greatest common divisor of 179 and 44213.
179
Calculate the highest common divisor of 17 and 170.
17
What is the greatest common factor of 8 and 86?
2
What is the greatest common factor of 28 and 560?
28
Calculate the highest common factor of 25 and 1.
1
What is the highest common factor of 33 and 429?
33
What is the greatest common factor of 12 and 6?
6
Calculate the highest common factor of 25 and 210.
5
What is the greatest common factor of 122 and 61?
61
Calculate the greatest common divisor of 5076 and 216.
108
Calculate the greatest common divisor of 40 and 56360.
40
Calculate the highest common factor of 1854 and 3811.
103
Calculate the highest common divisor of 64 and 13.
1
Calculate the highest common factor of 10 and 50580.
10
Calculate the greatest common factor of 902 and 176.
22
Calculate the highest common factor of 66 an